i(-26).
-531
Let d(o) = -87*o**2 - 2600*o + 322. Calculate d(-30).
22
Let f(k) = -7*k**3 - 7974*k**2 - 7987*k - 11. Give f(-1).
9
Let q(z) = 15*z**2 - 430*z - 1599. Determine q(32).
1
Let s(m) = -47*m**2 + 4291*m - 25092. Determine s(85).
68
Let f(p) = p**2 + 325*p - 9829. What is f(27)?
-325
Let c(y) = 7*y**3 + 70*y**2 + 7749*y + 77482. Determine c(-10).
-8
Let q(x) = -x**3 + 837*x**2 - 129561*x + 224. Calculate q(205).
19
Let i(s) = -11*s**3 - 71*s**2 + s + 94. What is i(-6)?
-92
Let c(x) = -x**3 - 12*x**2 + 306*x + 4010. Give c(-16).
138
Let m(h) = h**2 - 7485*h + 1114601. Determine m(152).
-15
Let f(a) = -214*a**2 + 2774*a + 32. What is f(13)?
-72
Let t(d) = 4700*d - 4211. Determine t(1).
489
Let p(g) = g**2 - 478*g + 56246. Determine p(207).
149
Let t(p) = 6*p**3 - 1506*p**2 + 60*p - 15035. Determine t(251).
25
Let b(x) = 133677*x + 400664. Calculate b(-3).
-367
Let x(o) = o**3 - 314*o**2 - 3914*o + 690. Give x(326).
38
Let y(w) = 5*w**2 + 71*w + 174. Give y(-5).
-56
Let s(r) = 5*r**3 + 42*r**2 + 14*r + 25. Give s(0).
25
Let t(p) = 1213*p + 42450. Give t(-35).
-5
Let j(n) = 11*n**3 + 101*n**2 + 207*n - 4. Calculate j(-6).
14
Let t(h) = -3339*h - 570961. Determine t(-171).
8
Let r(w) = -318*w - 39798. Calculate r(-136).
3450
Let o(u) = 49*u**2 - 1102*u + 47. What is o(23)?
622
Let j(n) = 9*n**2 + 186*n + 16. Give j(-23).
499
Let i(t) = -27*t**2 - 217*t + 825. What is i(-10)?
295
Let l(q) = -121*q**2 - 1132*q + 758. Calculate l(-10).
-22
Let p(r) = -2*r**3 + 23*r**2 + 557*r - 4906. Calculate p(8).
-2
Let l(w) = -83*w**2 + 2282*w + 2282. Determine l(-1).
-83
Let u(o) = 105674*o - 10567391. Determine u(100).
9
Let g(o) = 1821*o + 5643. Determine g(-3).
180
Let h(x) = -47*x**2 + 9*x + 3947. Give h(0).
3947
Let i(g) = -1908*g - 177320. Give i(-93).
124
Let l(c) = -32005*c - 672108. What is l(-21)?
-3
Let r(m) = -693*m - 2929. What is r(-4)?
-157
Let o(q) = -3186*q - 461937. Give o(-145).
33
Let t(h) = -69*h**3 + 5*h**2 + 31*h + 27. What is t(-1)?
70
Let p(d) = -d**3 + 6*d**2 - 1547*d + 12460. What is p(8)?
-44
Let o(d) = 4210*d + 210510. Determine o(-50).
10
Let n(j) = 24*j**2 - 8116*j + 1332. What is n(338)?
-20
Let l(g) = g**3 + 23*g**2 + 2253*g + 49077. Give l(-22).
-5
Let y(x) = 2*x**2 + 2377*x - 558569. Calculate y(201).
10
Let k(x) = 11*x**3 + 38*x**2 - 74*x + 38. Calculate k(1).
13
Let c(y) = -y**2 - 6021*y + 218049. Calculate c(36).
-3
Let p(u) = u**2 + 2125*u - 137842. Give p(63).
2
Let i(s) = -s**3 - 8*s**2 - 830*s - 4915. Give i(-6).
-7
Let h(m) = -m**3 + 182*m**2 + 7848*m + 2. Calculate h(218).
2
Let f(r) = 8423*r**2 - 294806*r + 22. Determine f(35).
-13
Let l(y) = -500*y - 7111. What is l(-15)?
389
Let d(u) = -23*u**2 - 465*u - 881. Determine d(-18).
37
Let n(s) = -s**3 + 9*s**2 - 6*s + 100. Determine n(10).
-60
Let r(f) = 245*f**2 + 3058*f + 9171. Calculate r(-5).
6
Let j(v) = 314442*v - 2829999. What is j(9)?
-21
Let y(d) = -254221*d - 2542230. Determine y(-10).
-20
Let c(l) = -264*l + 2620. Determine c(8).
508
Let w(g) = g**3 - 490*g**2 - 7752*g + 5520. Calculate w(-16).
16
Let j(g) = g**3 + 85*g**2 + 134*g - 2627. What is j(-83)?
29
Let j(u) = -3553846*u - 10661531. Calculate j(-3).
7
Let z(f) = 385*f - 5014. Determine z(21).
3071
Let j(r) = -2937*r - 29354. What is j(-10)?
16
Let p(g) = -g**2 + 2813*g + 769082. Calculate p(-251).
18
Let r(y) = y**3 + 32*y**2 + 968*y + 29071. Determine r(-31).
24
Let h(t) = t**3 - 17*t**2 + 45417*t - 909530. Calculate h(20).
10
Let x(b) = -b**3 - 26*b**2 + 597*b + 1474. Give x(-40).
-6
Let n(o) = 2*o**3 + 17*o**2 + 209*o + 1511. What is n(-8)?
-97
Let k(b) = 10580*b + 359718. Give k(-34).
-2
Let u(z) = -190*z**3 - 703*z**2 - 13*z - 14. Give u(-4).
950
Let w(g) = -18*g**3 - 2727*g**2 + 1372*g + 791. Calculate w(-152).
183
Let l(h) = h**3 - 102*h**2 + 2433*h - 10. What is l(64)?
54
Let l(k) = -6981*k + 6977. Calculate l(1).
-4
Let k(h) = -216218*h + 648520. Give k(3).
-134
Let a(n) = 2*n**2 + 59652*n - 357991. Determine a(6).
-7
Let v(m) = 3068*m - 33959. What is v(11)?
-211
Let w(m) = -19888*m + 2187753. Determine w(110).
73
Let p(z) = -262*z + 51307. What is p(196)?
-45
Let d(q) = -3*q**2 - 28*q - 159. Determine d(-6).
-99
Let h(x) = 1968*x**3 + 28*x**2 + 110*x + 83. Determine h(-1).
-1967
Let b(n) = -11*n**3 + 2486*n**2 + 5*n - 1438. What is b(226)?
-308
Let c(j) = 2*j**3 - 63*j**2 - 786*j + 174. What is c(41)?
-113
Let d(x) = -1434*x + 271008. What is d(189)?
-18
Let a(l) = 7754*l + 193838. Determine a(-25).
-12
Let r(n) = -3*n**3 - 179*n**2 + 61*n + 167. Determine r(-60).
107
Let u(s) = 58818*s - 118132. What is u(2)?
-496
Let s(j) = -j**3 - 683*j**2 - 43985*j + 488. What is s(-72)?
-16
Let l(m) = -2*m**2 - 94*m + 22213. Give l(84).
205
Let k(z) = 215819*z + 16186419. Calculate k(-75).
-6
Let x(s) = -11*s**3 - 149*s**2 - 228*s - 1912. What is x(-13)?
38
Let r(h) = -16745*h - 23359280. What is r(-1395)?
-5
Let p(v) = -472*v - 4080. What is p(-10)?
640
Let x(o) = 5*o**3 + 61*o**2 - 31*o + 108. Give x(-15).
-2577
Let i(b) = -b**3 - 46*b**2 + 7204*b + 783. Determine i(65).
68
Let t(o) = -2744*o**2 - 153668*o - 187. Determine t(-56).
37
Let s(j) = -1025*j - 551424. Determine s(-538).
26
Let d(s) = 6188*s + 872550. What is d(-141)?
42
Let g(j) = 2899*j + 17620. Calculate g(-6).
226
Let z(t) = -4*t**3 - 201*t**2 - 521*t - 4196. Determine z(-48).
76
Let r(j) = -j**3 - 18*j**2 - 338*j - 1841. Give r(-11).
1030
Let u(j) = -2*j**2 - 43*j + 5127. What is u(41)?
2
Let j(r) = 22647*r - 113184. Give j(5).
51
Let s(u) = 20276*u - 101661. Determine s(5).
-281
Let k(q) = 9400*q - 958797. Give k(102).
3
Let j(t) = -4614*t + 1762598. Determine j(382).
50
Let m(q) = -19*q**2 - 15847*q - 47515. Give m(-3).
-145
Let r(o) = -1249*o - 450. Calculate r(2).
-2948
Let l(g) = g**2 - 95*g - 2528. Give l(-19).
-362
Let t(s) = 15*s**2 + 423*s + 67. Calculate t(-28).
-17
Let k(t) = 11*t - 1181. Calculate k(-32).
-1533
Let m(r) = -5*r**2 - 153*r - 732. What is m(-40)?
-2612
Let v(r) = r**2 - 1611*r + 8030. Calculate v(5).
0
Let u(t) = -2*t**2 + 419*t - 2647. Calculate u(203).
-8
Let f(x) = 645*x - 7207. Calculate f(10).
-757
Let v(s) = -1908*s - 333922. Determine v(-175).
-22
Let d(j) = j**3 + 30*j**2 + 46*j + 12. Give d(-27).
957
Let l(i) = -3*i**2 + 105970*i - 1377108. What is l(13)?
-5
Let z(r) = 3*r**3 + 61*r**2 + 120*r - 106. What is z(-18)?
2
Let y(t) = -t**3 - 235*t**2 - 484*t - 4118. Determine y(-233).
76
Let z(w) = 3*w**2 + 3090*w + 235821. What is z(-83)?
18
Let k(s) = -976*s + 18433. Give k(19).
-111
Let q(w) = -w**3 + 110*w**2 - 2803*w - 6659. What is q(66)?
7
Let p(n) = -50808*n - 1778253. Give p(-35).
27
Let a(v) = 2*v**2 - 2281*v + 303845. Give a(154).
3
Let q(j) = 49*j**2 + 423*j - 5746. Calculate q(-16).
30
Let x(v) = -5*v + 1107. Calculate x(-101).
1612
Let s(x) = -178*x - 563. Determine s(-6).
505
Let z(p) = -2*p**3 - 998*p**2 + 1030*p + 15293. Determine z(-500).
293
Let u(v) = -v**2 - 473*v - 7001. What is u(-15)?
-131
Let a(x) = -62*x**3 + 732*x**2 + 131*x + 160. What is a(12)?
4
Let t(n) = n**2 + 25277*n + 706959. Determine t(-28).
-13
Let o(j) = -16*j**2 + 51*j - 425. Calculate o(-14).
-4275
Let l(z) = -4*z**3 - 139*z**2 - 669*z - 50. What is l(-29)?
8
Let i(h) = 1356*h - 49934. Determine i(36).
-1118
Let v(h) = 6*h**2 + 150*h + 117. What is v(-23)?
-159
Let d(w) = -264517*w + 4761344. Determine d(18).
38
Let u(c) = 26*c**3 + 12*c**2 + 4*c - 51. Give u(-2).
-219
Let u(b) = 2*b**3 + 14*b**2 + 1327*b + 9259. Determine u(-7).
-30
Let h(u) = -252624*u - 2273618. Give h(-9).
-2
Let r(d) = 5596*d + 59670. Calculate r(-11).
-1886
Let i(d) = -91*d**2 + 157*d + 35. What is i(2)?
-15
Let h(l) = -3909*l - 70357. Determine h(-18).
5
Let k(g) = g**3 - 162*g**2 - 2640*g + 274. What is k(-15)?
49
Let b(r) = -r**3 - 18*r**2 + 909*r + 14337. Determine b(-15).
27
Let r(t) = 3099*t - 49867. Give r(16).
-283
Let y(x) = 1024*x + 318456. Calculate y(-311).
-8
Let f(b) = -605*b - 10286. What is f(-17)?
-1
Let c(d) = -6*d**3 - 17*d**2 + 102*d + 359. Give c(-4).
63
Let h(g) = 4*g**2 + 4275*g - 261383. Calculate h(58).
23
Let a(w) = 180*w**2 + 8471*w + 498. Calculate a(-47).
-19
Let s(n) = -n**3 - 442*n**2 - 6406*n - 439. What is s(-427)?
-12
Let o(d) = -76239*d - 228714. What is o(-3)?
3
Let y(j) = -j**3 - 158*j**2 + 625*